 (2 - 0)?
3
-3 + -6 + 13 + -4
0
Evaluate (0 + 5 - 7) + (-2 - -9).
5
1 - (0 - -4) - -2
-1
What is -10 - (9 + 4 + -28)?
5
What is 1 - (-1 - 10) - 20?
-8
Calculate -10 + (2 - -12) + -6.
-2
What is (-8 - -1) + (2 - (12 + -15))?
-2
What is the value of (-3 - -1) + (1 - (-4 + -1))?
4
What is the value of -9 + 14 + -5 + 0?
0
What is the value of (-4 - -13 - 10) + -2?
-3
What is (-2 - (-4 + 2)) + (12 - 8)?
4
What is the value of -1 - -4 - (-10 - -12)?
1
What is the value of 2 + 1 - (-35 + 21 - -23)?
-6
Calculate -20 + 10 - (4 + -17).
3
(-3 - 2) + (-7 - -14 - 3)
-1
-10 + (4 - (5 + -7))
-4
What is the value of -3 - 0 - -4 - (1 - -3)?
-3
-7 + -3 + -1 + 8 + 6
3
What is 9 + -11 + -4 + 1?
-5
Evaluate -5 - (-10 + (6 - 0) + -4).
3
What is the value of (4 - (10 + -2)) + 2?
-2
Evaluate -8 - (2 - -4 - -1 - 10).
-5
What is the value of -1 + -4 - (-48 + 44)?
-1
1 + 1 + -1 - (2 + -4)
3
Calculate (5 + -3 + 0 - -1) + -2.
1
-8 + (-5 - -18) - 8
-3
Calculate (4 - 1) + (15 - 17) + -6.
-5
Calculate 4 + (4 - (-9 - -3 - -9)).
5
What is 1 + (1 - ((5 - 4) + 0))?
1
What is (-12 + 4 - -9) + 4?
5
Calculate 5 + -5 - (-2 - 0).
2
What is (-7 - -2) + (-9 - -10) - -6?
2
What is the value of -8 + 12 + 6 + -3?
7
(-18 - -11) + 1 + 6
0
What is the value of 4 + (-7 + -9 - -9)?
-3
What is the value of -6 - (3 + -5 + -6)?
2
What is the value of 12 + 4 + -10 + (1 - 18)?
-11
Calculate 4 + 3 + (-1 - 3) + 2.
5
(2 - (-1 + 0)) + -3
0
Evaluate 5 + (0 + -4 - 7).
-6
Evaluate (1 - 3 - -3) + (-4 - -1).
-2
Calculate -13 - (-11 - -9 - 1).
-10
What is the value of (4 - (3 + 0)) + -2?
-1
What is 7 - ((-1 - 0) + (14 - 8))?
2
What is (-16 - -4) + 2 + 3 - -4?
-3
Calculate 8 - (7 + 1 + -2).
2
-3 - (-3 - (1 + -5 + -3))
-7
What is -2 + 0 - (-5 + 2)?
1
Evaluate 6 + -3 - -3 - 2.
4
5 - (10 + -5) - -1 - 0
1
What is the value of -5 + 0 - -5 - (4 - 2)?
-2
Calculate 6 + 0 + (1 - (0 - -3)).
4
What is -11 - -7 - (5 + (1 - 2))?
-8
Calculate -1 - (3 + -1 + 0).
-3
What is the value of 4 + -6 + (0 - -4) - -5?
7
What is the value of -3 + (-4 + 9 - (-1 - -9))?
-6
Evaluate 4 + (-2 - (2 + -3)).
3
Calculate (-2 - (-7 - -1)) + -2.
2
Calculate 10 - (-6 + 6 + 6).
4
Evaluate (-1 - 2 - -2) + 1 + -2.
-2
-2 - (9 - 1) - -5
-5
Evaluate -2 + 1 + 1 + -3 + 2.
-1
Evaluate 1 + 1 + -4 + 1 - -2.
1
-1 + (0 - 1 - (1 - 1))
-2
Evaluate -6 + -7 - -10 - 5.
-8
(1 - 0 - -2) + -1
2
1 + -4 - -5 - 1
1
What is 0 + -1 + -3 + 7?
3
(3 - -4) + 3 + (-7 - 0)
3
What is -7 - -14 - (0 + 4)?
3
Evaluate 1 + -1 - (3 + 5).
-8
Evaluate 7 - ((5 - 7) + 0).
9
Evaluate 3 + -4 + -1 + -2.
-4
What is 4 + -8 - (-1 + 2)?
-5
-1 + 2 + -10 + 12 - 6
-3
What is -10 + 1 - (5 - (-1 + 10))?
-5
What is the value of 12 - (9 + 0 + 9)?
-6
(-4 - (-1 + 0)) + -1
-4
What is (8 - -9) + (-4 - 6)?
7
Evaluate 10 + -12 - (-4 - 3).
5
What is 2 + -4 + 0 - (2 + 0)?
-4
Calculate -16 + 9 - (2 - 15).
6
-5 + -3 + 7 + 6 - 5
0
Evaluate -4 + 0 + (-29 - -35).
2
What is 8 + -6 - -8 - 10?
0
Calculate -1 + (7 - 5) + 4.
5
(15 + -3 - 8) + -5
-1
3 + (-2 - (3 + 3 + -3))
-2
What is -4 + 0 - (-14 - -9 - -1)?
0
-9 + 3 - (-6 + 1)
-1
What is the value of -2 - (-1 + (1 - 0))?
-2
What is the value of 10 - (8 + -3 + 0)?
5
Calculate 1 - (4 + (7 - 8)) - 4.
-6
What is the value of 0 - -2 - (1 - (-8 - -9))?
2
What is 30 + -30 + 1 + -1?
0
Calculate 6 + (-12 - (-13 - -6)).
1
What is -2 + (-6 - 1 - -4)?
-5
What is (-1 - (5 + -2)) + 4?
0
What is the value of -8 + 13 + 6 + -9?
2
What is (-1 - (-1 - (1 - -1))) + 1?
3
Calculate -3 + 1 + 1 + (-1 - -3).
1
What is the value of (5 - (9 - (-1 + 1))) + 4?
0
What is the value of 8 + 2 + -21 - (-7 - -1)?
-5
What is -4 + (15 - (4 - -4))?
3
Evaluate 2 - (1 + 1 - 2).
2
Evaluate (5 - (-7 + 10) - 0) + 5.
7
-3 + (12 - 3 - 9)
-3
What is -6 - ((-1 - -9) + -11)?
-3
Calculate 2 - 0 - (3 - (3 - 0)).
2
3 + (-8 - -14 - 12)
-3
Evaluate 5 - 3 - (-2 + 5).
-1
Evaluate (7 - 0) + (24 - 28).
3
Evaluate -1 + -1 + 1 - (49 - 50).
0
Calculate 13 + -5 - 8 - 6.
-6
What is the value of (11 - 9) + -1 + 1 + -4?
-2
What is the value of -8 + 6 + 0 + -1?
-3
Evaluate -1 + 8 + (-4 - -1).
4
What is 2 + 7 + -9 + -2?
-2
What is -57 - -57 - (-1 + 1 - 4)?
4
What is the value of (-15 - -11) + (-1 - -3)?
-2
Calculate 5 + 1 - (-6 - -13).
-1
Evaluate 13 + -6 + (-3 + 2 - 4).
2
What is the value of -6 - ((-4 - -1) + -6 - -1)?
2
Evaluate 0 + 0 + -2 + 0.
-2
What is (6 - 2) + -2 + 1?
3
Calculate 0 - (-4 - (-4 - 1)).
-1
Calculate (1 + 1 - -1) + (-7 - 1).
-5
-1 + (5 - 2) - 1
1
3 - (1 + -3 + -2 + 5)
2
Evaluate (13 - -1 - 11) + -9.
-6
-8 - (7 - -2 - 11)
-6
(7 - -1 - 5) + -2
1
Calculate -9 + 0 + (2 - 0).
-7
0 + (1 - 3) + 5
3
What is -1 - ((-3 - 0 - -5) + 1)?
-4
Evaluate 0 + -3 - (-1 + 1 + -3).
0
5 - (-4 - (4 + -6))
7
What is -12 - -17 - (-1 + 1 + 3)?
2
What is the value of 9 + -1 - (12 - 8)?
4
Calculate (-5 + -6 - -9) + 0 + 2.
0
What is (11 - 8) + (-8 - -3)?
-2
Calculate 3 + -3 - (2 - (3 - -3)).
4
Calculate -5 + 8 + (3 - (-3 - -11)).
-2
What is 1 + -10 - (0 + -12)?
3
Evaluate -1 + -1 - (7 + (5 - 9)).
-5
Evaluate -2 + (0 - (-2 + 2)).
-2
What is (-4 - 0 - -3 - 6) + 3?
-4
(18 - 13) + -8 + 0
-3
What is the value of -2 - (0 - (-1 - -3))?
0
7 + (-11 - (8 - 8))
-4
(-11 - (1 - 7)) + 4
-1
Calculate 3 + -5 + 3 + -2.
-1
Calculate -3 - ((-3 + 1 - -2) + -4).
1
What is the value of (3 - 10) + 10 + -3?
0
What is 1 + 0 - (11 + -4 + -11)?
5
12 - (9 + 11 + -10)
2
Calculate (4 - 1) + -8 + (-9 - -8).
-6
What is the value of 8 + -4 + 3 + -2?
5
5 + -5 + (-2 - 1) - -3
0
Evaluate -4 + 4 - (-5 + 3 - 7).
9
Calculate (-5 + 20 - 9) + -2.
4
Evaluate (-4 - -1) + 5 - (8 + -5).
-1
Evaluate (0 - -12 - (8 + -7)) + -2.
9
What is the value of 4 + (-14 - (-2 + -7 + 6))?
-7
-14 - (-12 + -2 + 4)
-4
What is the value of 3 + 10 + -10 - (2 + 7)?
-6
(-27 - -14) + 28 - 14
1
What is the value of 8 + 3 + -9 + 1?
3
2 - (1 + -7) - 10
-2
4 + 2 + -7 - 0
-1
What is (2 + -4 - -8) + (-5 - 1)?
0
Calculate 3 + 0 - (3 - 5).
5
(4 - 3 - -1) + -6
-4
What is -4 + (0 - (2 + 0)) - -8?
2
What is the value of (-2 - -4) + 7 + -4?
5
9 - (-5 - -4 - (-5 - 0))
5
Calculate -1 + -6 + (7 - 0) + 1.
1
Calculate 3 - 2 - (-25 - -20).
6
Evaluate 2 + 0 - -6 - 7.
1
What is (-7 - 0) + -17 + 20?
-4
Evaluate (22 - 13) + (-2 - 14).
-7
Calculate 1 + -7 + (-4 + -5 - -21).
6
What is the value of (1 - 0) + 0 - 4?
-3
Evaluate 6 - (13 + 2 + -10).
1
18 + -8 + (4 - (3 - -7))
4
Evaluate -3 + (2 - (-4 - -3)).
0
What is the value of -3 + (-2 - (2 + -10))?
3
Evaluate 3 + -6 - -2 - (-2 + -2).
3
Calculate -2 + (-3 - 4) - -3.
-6
-8 + -5 + 4 - -3
-6
What is the value of -6 + 14 + -8 - 0?
0
Calculate (-10 - (-5 - -1)) + 10.
4
Calculate -1 + -5 + 5 - -2.
1
Evaluate 7 - (0 - (1 + -6)).
2
-1 + -3 - (3 - 3) - -7
3
What is -7 + 1 - (7 + -4 + -4)?
-5
12 + 6 + -18 - -8
8
Calculate -42 + 44 - (4 - 1).
-1
Calculate 1 - (1 - 5) - 8.
-3
Evaluate 1 + 0 - (-32 - -29).
4
Calculate -7 - (8 - -2) - -11.
-6
What is -1 - 0 - (-6 + 6 + 1)?
-2
-1 + 7 + -1 + (0 - -1)
6
What is 5 + -2 + (10 - 2 - 11)?
0
What is (-2 - (1 + -4)) + (0 - 2)?
-1
What is 11 + -11 - (4 + -3)?
-1
What is the value of 3 + -19 - (-61 + 53)?
-8
Calculate -2 + 4 + -9 + -1 - -4.
-4
-3 + (17 - 7) + 0 + -8
-1
Evaluate 8 + (1 - 4) + -12 + 5.
-2
Evaluate 2 + (-7 - (-7 - -6)).
-4
What is -2 - -7 - 2 - (1 - -4)?
-2
What is the value of (-9 - (4 - 15)) + 1 + 0?
3
-1 + 0 + (-7 - (6 - 9))
-5
4 + -8 + -3 + 7 + 0
0
Calculate (7 - -1) + (65 - 73).
0
-6 + (7 - 0) + 2
3
-1 + 1 + (-1 - -4) + 0
3
Calculate 49 + -49 - (0 + -1 + -3).
4
What is the value of (-2 - 5) + -1 - -9?
1
What is the value of -8 - (-13 + 6) - -5?
4
Calculate (242 - 232) + 1 + -14.
-3
What is the value of 5 - ((2 + -7 - -1) + -1)?
10
(3 - (3 + -3 + 13)) + 4
-6
Calculate 5 - (2 - (-3 + 1)).
1
What is the value of (-2 - -2 - 1) + (-4 - -11)?
6
What is 2 + (-1 - 5) + 2 + -3?
-5
Calculate 5 - 1 - (3 + -2) - 7.
-4
What is the value of 6 + -1 - (-9 + 11 + -1)?
4
What is the value of 0 + 8 - 27 - -12?
-7
Evaluate 6 - (8 + 6 + -9).
1
What is the value of -6 - (-3 - 3 - -5) - 2?
-7
Evaluate 1 - 2 - (11 + -8).
-4
-4 + (4 - (4 - -7)) + 6
-5
Calculate 11 - (-7 + -3) - 11.
10
What is (0 + 4 - 3) + -9 + 4?
-4
-4 - -2 - (-1 - -1)
-2
Evaluate -3 + 5 - -6 - 3.
5
Evaluate 6 + 0 - (14 - 5).
-3
Calculate -3 + (-2 + 2 - 1).
-4
0 - (-1 - (-4 + 3 - -5))
5
Calculate 8 + (-11 - (-1 + -5)).
3
1 - (4 - (2 - 0)) - 0
-1
Calculate -1 - (13 + (-32 - -9)).
9
0 - (5 -